pose -y*x = -9 - 1. Is x a composite number?
False
Suppose -3*n = d - 0*d - 9, -4*n - d = -11. Suppose 0 = -n*w + 12 + 12. Is (-507)/(-4) + 3/w a composite number?
False
Let w(h) = -1. Let v(k) = k + 3. Let c(y) = v(y) + 5*w(y). Let n be c(0). Let o(f) = -4*f - 2. Is o(n) prime?
False
Let i be (-12 - -14)/((-1)/15). Let t be (-85)/i + (-2)/(-12). Suppose 0*u = -t*y - u + 951, 5*u = 2*y - 634. Is y composite?
False
Suppose -2*q + 11 = -0*y - 3*y, 2*y = -5*q + 18. Suppose -5*i = 5*g - q*g - 357, -3*i - 12 = 0. Let x = -220 + g. Is x a prime number?
True
Is (0 + 2)*((-98255)/(-10) + -6) prime?
False
Let x(h) = 2*h**3 - 9*h**2 + 2*h - 2. Suppose -3*q = -4*s - 4, s - 5*q = -2*q + 8. Let p be 1/s - (-145)/20. Is x(p) composite?
False
Suppose b = -4*m - 0*b + 907, -3*m + 676 = 5*b. Let q = 650 + m. Is q prime?
True
Let w(x) = x**2 + 2. Suppose 3*l - n = -5, 5*l - n + 5 = 3*l. Let t be w(l). Suppose a + 2*a = -t*s + 739, 367 = s + 4*a. Is s prime?
False
Suppose 2004 = 9*x + 636. Let r = x - 29. Is r composite?
True
Let l(b) = 29*b + 2. Suppose -z + 16 = 7. Is l(z) a prime number?
True
Suppose -5*p - 92987 - 43298 = -5*v, 4*v = 3*p + 109028. Is v composite?
True
Let r(o) = 10*o**3 - 4*o**2 + 3*o - 15. Let g(v) = 9*v**3 - 5*v**2 + 3*v - 16. Let j(y) = -5*g(y) + 6*r(y). Is j(3) prime?
False
Suppose -13*o = -26*o + 49231. Is o composite?
True
Let d = -4 + 9. Suppose -d*a - 40 = -5*o, 2*o + 3*o + 3*a = 8. Suppose o*q - 396 - 246 = -2*r, 0 = -4*q + 4*r + 672. Is q a composite number?
False
Suppose -93 - 194 = -n. Suppose 6 + n = -x. Is 1/(1 + 292/x) a composite number?
False
Let h(q) = 7*q**2 - 11*q + 1. Let i be h(11). Suppose 2*g - i = 867. Is g a prime number?
True
Let l(c) be the second derivative of 11*c**3/3 - 5*c**2/2 - 4*c. Is l(7) composite?
False
Suppose 2*x - 3*x + 27 = 0. Suppose x - 3 = 4*v. Let r(y) = 2*y**3 - 7*y**2 - 8*y - 5. Is r(v) a prime number?
True
Let b be (-12550)/(-40) + 1/4. Suppose b = 13*n - 3560. Is n a prime number?
False
Let g(m) = -m**2 + 4*m - 3. Let o be g(2). Suppose -o - 11 = -4*h. Is 56 + h/(-2)*2 a prime number?
True
Let t(h) = h**3 - 17*h**2 + 2*h - 23. Let n be t(17). Suppose 15*f = n*f + 2804. Is f a prime number?
True
Suppose 3*f - p - 12115 = 0, 6*f - 3*p = 2*f + 16150. Is f a prime number?
False
Suppose -5*w + 264 = -1761. Let x = 786 - w. Is x a composite number?
True
Suppose 4*g = -13*g + 306. Is g/14 + -1 - (-5577)/7 a composite number?
False
Let w(n) be the first derivative of -304*n**4 + n**2 + 3*n + 17. Is w(-1) a prime number?
True
Let o(v) = v**3 + 7*v**2 - 7*v + 10. Let w be o(-8). Suppose -w*u = 3*k - 94, 5*u - 42 = 3*k - 164. Is k a composite number?
True
Suppose 3*h = -5*q + 79477, -132443 = 40*h - 45*h + q. Is h composite?
False
Let q(g) = -g**3 - 6*g**2 - 7*g + 5. Let v be q(-5). Let c = v - 10. Suppose -4*m + 605 = -5*f, m = -0*m + c*f + 170. Is m composite?
True
Let c be -2 + 3 + -6 + -1287. Let t = c - -2361. Is t a prime number?
True
Suppose 0 = -3*n + 39 - 33. Let d(m) = 0*m + 7*m + n*m**3 - 4*m**2 + 6 - 13*m + 3*m. Is d(4) prime?
False
Let i be (104/6 - -4)*6. Suppose 21 = o + i. Let n = o + 165. Is n prime?
False
Let n = 58603 + 31866. Is n a prime number?
True
Let l(p) = 8*p**2 - 13*p - 4. Let a be l(14). Suppose -a = -3*x - 4*f, 5*x - 1387 = 2*x - 5*f. Is x composite?
True
Let k(n) = -39*n**2 - 3*n + 10. Let r be k(-7). Is (-4)/(-6) - r/24 a prime number?
True
Suppose -6*c + 30 = -4*c. Suppose -y - c = -3*s - 1, 12 = 5*s + 4*y. Suppose 0 = -s*i - 2*w + 132, i = 3*i - w - 58. Is i prime?
True
Let n = -31 + 92. Let g(z) = z**2 - z - 28. Let s be g(0). Let b = n + s. Is b composite?
True
Let v = 6756 - -10535. Is v composite?
False
Let w(t) = 5*t - 2 + 4 - 1 + 119*t**2 + 4. Is w(-3) prime?
True
Let p(v) be the first derivative of 163*v**3 + v**2 + 2*v + 12. Let s be p(-2). Suppose 3*c = -5*q - 2*c + 2420, -4*q + s = -2*c. Is q a prime number?
True
Let i(z) = -z**3 - 16*z**2 + 44*z - 49. Is i(-23) a composite number?
True
Let j(s) = -3*s**2 + 7*s + 31957. Is j(0) a composite number?
False
Let q(b) be the third derivative of -391*b**4/24 - b**3 + 6*b**2. Is q(-3) composite?
True
Let h(p) = -7512*p - 223. Is h(-7) composite?
False
Let u = 7 - 9. Let i be u/4*4*-1. Is i/9 + 1202/18 a composite number?
False
Let d = -39 + 751. Let r = d + 73. Is r a composite number?
True
Suppose -12 = -4*h, 0 = 6*b - b + h - 23. Suppose b*k - 24 = -8, -3*y = -3*k - 1215. Is y a composite number?
False
Let o(j) = -3*j. Let k(g) = -g - 9. Let t be k(-11). Let z be o(t). Is (z/18)/((-3)/333) a prime number?
True
Let i(b) = 5*b + 1. Let g be i(-2). Let n(p) = p**3 + 9*p**2 + 2*p. Let s be n(g). Let o = s - -111. Is o a composite number?
True
Suppose 4*a = 3*o + 57184, -3*a = 50*o - 46*o - 42863. Is a prime?
True
Let o(t) = 6*t + 42. Let v be o(-6). Suppose v*z - 5253 = 22569. Is z a composite number?
False
Let s = -562 + 1470. Let f = s - 610. Is f prime?
False
Suppose 27*v = 40*v - 56654. Is v prime?
False
Is ((-2)/4)/((-26)/81588) a composite number?
True
Let g be (144/90)/((-2)/(-5)). Suppose 9*q - g*q = 15, 2*q = -h + 47. Suppose 2*u - 3*k = h, -3*u = 6*k - 2*k - 53. Is u prime?
True
Is (106 + 57)*(1 + 6) a composite number?
True
Suppose 5*a = 2*z + 1337 + 1213, 0 = 4*a - 3*z - 2033. Let y = a + -38. Suppose 3*f + 3*i = y + 159, 2*f + 3*i = 422. Is f a composite number?
False
Suppose 3*h + d - 351 = 6*d, -4*h = -5*d - 463. Let k = h + -54. Is k a composite number?
True
Let w = 34 + -12. Suppose -x - 4*o + 113 = 0, 0 = 2*x + 5*o - 25 - 186. Let q = x - w. Is q a prime number?
True
Let k = -13 + 13. Suppose 5*z + 4*g - 26 = k, 6*z - 3*z + 14 = 5*g. Suppose 2*o + 4*n = 126, -z*n - 202 = -4*o - 0*n. Is o a prime number?
True
Let r(o) = 13*o**2 + 19*o + 1. Is r(6) a prime number?
False
Is 2/8*(23361 - (3 - -2)) a composite number?
False
Is 1403 - 6*10/15 prime?
True
Suppose w + 8254 = 2*h, 39*h - 3*w = 34*h + 20635. Is h prime?
True
Suppose -11927 + 70303 = 8*j. Is j a composite number?
False
Let g(v) = -v**2 + 8*v - 3. Let q be g(7). Suppose 77 = z - 21. Suppose -5*a - 3*k = -z, -q*a + 47 + 25 = -4*k. Is a composite?
False
Let z = 59147 + -28962. Is z a composite number?
True
Suppose -13*y + 3*f + 56735 = -11*y, 2*f - 28371 = -y. Is y prime?
False
Let m = -21 + 17. Is (((-306)/m)/9)/(1/10) a prime number?
False
Let t(a) = 3*a**3 - 6*a**2 + 7*a - 7. Let s be 2 - 3 - -1 - -1. Let z = s - -4. Is t(z) composite?
True
Let a = -180923 + 263970. Is a composite?
False
Let d(o) = 2*o**3 - 6*o**2 - 2*o - 1. Suppose -50 = -7*q + 2*q. Suppose 0*a - 2*a + 10 = 0, 5*m = 3*a + q. Is d(m) a composite number?
False
Let s be (1 + -16)/(-3) + 1. Let i be (s/15)/(1/10). Suppose 2*n - 50 = 4*o, o = 5*n + i*o - 164. Is n a prime number?
True
Let z(j) = -4*j - 17. Let u be z(-3). Let n(p) = -21*p**3 + 5*p**2 - 7*p. Is n(u) composite?
True
Let g = -65 + 80. Suppose g = -4*f + 5*b + 716, 2*f - 373 = -5*b. Is f a prime number?
True
Suppose t = 280 + 329. Suppose -5*v - 19 = -t. Is v a prime number?
False
Let z be 10/(-5)*-2 + 800. Is (z/(-18))/(6/(-207)) a prime number?
False
Let r be -3*(-17)/6*-422. Let u = 5032 + r. Suppose -g = 5*i - 3*g - u, -4*i - g = -1143. Is i a composite number?
True
Let b = 31 - 28. Suppose -247 = -s + b*f, 2*f + 755 = 3*s - 0*f. Is s prime?
False
Suppose -b - 3*z = -9, -4*b + 6*b - 4*z = -2. Suppose -3 = b*t - 15. Suppose -2*n + 208 = -4*r + 1058, -t*n - 223 = -r. Is r composite?
False
Let y(k) = 2*k**2 + 18*k + 17. Let g be (144/(-2) + -2)/(-1). Suppose 5*b = -s - 34, 3*s + g = -2*s - b. Is y(s) a composite number?
False
Let d(k) = -k**2 + 7*k + 5. Let m be d(6). Let w = -1887 - -3451. Suppose 15*x = m*x + w. Is x composite?
True
Let m be -3 + (-3 - -9) - 2. Let i = -2 - m. Is i - (1 + -2 + -27) composite?
True
Let p = -42 + 34. Let n be ((-2298)/(-4))/((-3)/p). Suppose 4*j = b - 2*b + 6143, n = j - b. Is j a composite number?
True
Suppose -17*k = -16*k - 1397. Is k a prime number?
False
Let k(m) = 6*m**2 - 6*m - 3. Let l(y) = -5*y**2 + 5*y + 3. Let t(u) = -4*k(u) - 5*l(u). Let b be t(3). Is (0 + 2 - b)*-211 prime?
True
Suppose -9*z + 60 = 15. Let n = 0 + 3. Suppose 3*w - n = 0, -3*w = -z*q + q + 181. Is q a composite number?
True
Let v(y) = 6*y**2 + 12*y + 15. Let j be ((-1)/3)/(3/54). Is v(j) composite?
True